{"id":36,"date":"2024-07-09T17:01:30","date_gmt":"2024-07-09T15:01:30","guid":{"rendered":"https:\/\/les-amadeus.fr\/?page_id=36"},"modified":"2026-03-20T11:09:00","modified_gmt":"2026-03-20T10:09:00","slug":"membres","status":"publish","type":"page","link":"https:\/\/les-amadeus.fr\/index.php\/membres\/","title":{"rendered":"Membres"},"content":{"rendered":"\n<p class=\"has-pale-ocean-gradient-background has-background has-medium-font-size\"><strong>CHORISTES<\/strong><\/p>\n\n\n\n<p><span style=\"text-decoration: underline;\"><strong>Soprani <\/strong><\/span>: Yvette &#8211; Virginie &#8211; Val\u00e9rie &#8211; Josiane &#8211; Corinne<\/p>\n\n\n\n<p><span style=\"text-decoration: underline;\"><strong>Alti<\/strong><\/span> : Nadine &#8211; Astrid &#8211; Ma\u00eft\u00e9 &#8211; Sylviane &#8211; Marie-Jo &#8211; Marie-Laure <\/p>\n\n\n\n<p><strong><span style=\"text-decoration: underline;\">Tenor<\/span><\/strong> : Didier<\/p>\n\n\n\n<p><span style=\"text-decoration: underline;\"><strong>Basse <\/strong><\/span>: Martine &#8211; Bernard<\/p>\n\n\n\n<figure class=\"wp-block-image size-full\"><img loading=\"lazy\" decoding=\"async\" width=\"1024\" height=\"768\" src=\"https:\/\/les-amadeus.fr\/wp-content\/uploads\/2024\/12\/483EE105-9FE6-46FB-B0ED-87A75CEA04C3_1_105_c-1.jpeg\" alt=\"\" class=\"wp-image-219\" srcset=\"https:\/\/les-amadeus.fr\/wp-content\/uploads\/2024\/12\/483EE105-9FE6-46FB-B0ED-87A75CEA04C3_1_105_c-1.jpeg 1024w, https:\/\/les-amadeus.fr\/wp-content\/uploads\/2024\/12\/483EE105-9FE6-46FB-B0ED-87A75CEA04C3_1_105_c-1-300x225.jpeg 300w, https:\/\/les-amadeus.fr\/wp-content\/uploads\/2024\/12\/483EE105-9FE6-46FB-B0ED-87A75CEA04C3_1_105_c-1-768x576.jpeg 768w, https:\/\/les-amadeus.fr\/wp-content\/uploads\/2024\/12\/483EE105-9FE6-46FB-B0ED-87A75CEA04C3_1_105_c-1-80x60.jpeg 80w\" sizes=\"auto, (max-width: 1024px) 100vw, 1024px\" \/><\/figure>\n\n\n\n<figure class=\"wp-block-image size-large\"><img loading=\"lazy\" decoding=\"async\" width=\"1024\" height=\"768\" src=\"https:\/\/les-amadeus.fr\/wp-content\/uploads\/2024\/12\/IMG_0457-1-1024x768.jpg\" alt=\"\" class=\"wp-image-222\" srcset=\"https:\/\/les-amadeus.fr\/wp-content\/uploads\/2024\/12\/IMG_0457-1-1024x768.jpg 1024w, https:\/\/les-amadeus.fr\/wp-content\/uploads\/2024\/12\/IMG_0457-1-300x225.jpg 300w, https:\/\/les-amadeus.fr\/wp-content\/uploads\/2024\/12\/IMG_0457-1-768x576.jpg 768w, https:\/\/les-amadeus.fr\/wp-content\/uploads\/2024\/12\/IMG_0457-1-1536x1152.jpg 1536w, https:\/\/les-amadeus.fr\/wp-content\/uploads\/2024\/12\/IMG_0457-1-2048x1536.jpg 2048w, https:\/\/les-amadeus.fr\/wp-content\/uploads\/2024\/12\/IMG_0457-1-80x60.jpg 80w\" sizes=\"auto, (max-width: 1024px) 100vw, 1024px\" \/><\/figure>\n\n\n\n<p class=\"has-background has-medium-font-size\" style=\"background:linear-gradient(135deg,rgb(202,248,128) 14%,rgb(103,188,194) 100%)\"><strong>MUSICIENS<\/strong><\/p>\n\n\n\n<figure class=\"wp-block-image size-large\"><img loading=\"lazy\" decoding=\"async\" width=\"1024\" height=\"1024\" src=\"https:\/\/les-amadeus.fr\/wp-content\/uploads\/2024\/07\/IMG_9849-1024x1024.jpg\" alt=\"\" class=\"wp-image-44\" srcset=\"https:\/\/les-amadeus.fr\/wp-content\/uploads\/2024\/07\/IMG_9849-1024x1024.jpg 1024w, https:\/\/les-amadeus.fr\/wp-content\/uploads\/2024\/07\/IMG_9849-300x300.jpg 300w, https:\/\/les-amadeus.fr\/wp-content\/uploads\/2024\/07\/IMG_9849-150x150.jpg 150w, https:\/\/les-amadeus.fr\/wp-content\/uploads\/2024\/07\/IMG_9849-768x768.jpg 768w, https:\/\/les-amadeus.fr\/wp-content\/uploads\/2024\/07\/IMG_9849-630x630.jpg 630w, https:\/\/les-amadeus.fr\/wp-content\/uploads\/2024\/07\/IMG_9849-60x60.jpg 60w, https:\/\/les-amadeus.fr\/wp-content\/uploads\/2024\/07\/IMG_9849.jpg 1440w\" sizes=\"auto, (max-width: 1024px) 100vw, 1024px\" \/><\/figure>\n\n\n\n<figure class=\"wp-block-image size-full\"><img loading=\"lazy\" decoding=\"async\" width=\"1000\" height=\"500\" src=\"https:\/\/les-amadeus.fr\/wp-content\/uploads\/2024\/07\/Fred-Ilze.jpg\" alt=\"\" class=\"wp-image-88\" srcset=\"https:\/\/les-amadeus.fr\/wp-content\/uploads\/2024\/07\/Fred-Ilze.jpg 1000w, https:\/\/les-amadeus.fr\/wp-content\/uploads\/2024\/07\/Fred-Ilze-300x150.jpg 300w, https:\/\/les-amadeus.fr\/wp-content\/uploads\/2024\/07\/Fred-Ilze-768x384.jpg 768w, https:\/\/les-amadeus.fr\/wp-content\/uploads\/2024\/07\/Fred-Ilze-120x60.jpg 120w\" sizes=\"auto, (max-width: 1000px) 100vw, 1000px\" \/><\/figure>\n\n\n\n<p class=\"has-background has-medium-font-size\" style=\"background:linear-gradient(135deg,rgb(94,184,151) 0%,rgb(109,214,114) 100%)\"><strong>BUREAU<\/strong><\/p>\n\n\n\n<p><span style=\"text-decoration: underline;\">Pr\u00e9sident<\/span> : Didier<\/p>\n\n\n\n<p><span style=\"text-decoration: underline;\">Secr\u00e9taire<\/span> : Yvette<\/p>\n\n\n\n<p><span style=\"text-decoration: underline;\">Secr\u00e9taire adjointe<\/span> : Virginie<\/p>\n\n\n\n<p><span style=\"text-decoration: underline;\">Tr\u00e9sori\u00e8re<\/span> : Sylviane<\/p>\n\n\n\n<p><span style=\"text-decoration: underline;\">Tr\u00e9sori\u00e8re adjointe<\/span> : Nadine<\/p>\n\n\n\n<p><\/p>\n","protected":false},"excerpt":{"rendered":"<p>CHORISTES Soprani : Yvette &#8211; Virginie &#8211; Val\u00e9rie &#8211; Josiane &#8211; Corinne Alti : Nadine &#8211; Astrid &#8211; Ma\u00eft\u00e9 &#8211; Sylviane &#8211; Marie-Jo &#8211; Marie-Laure Tenor : Didier Basse : Martine &#8211; Bernard MUSICIENS BUREAU Pr\u00e9sident : Didier Secr\u00e9taire : Yvette Secr\u00e9taire adjointe : Virginie &hellip; <\/p>\n","protected":false},"author":1,"featured_media":0,"parent":0,"menu_order":0,"comment_status":"closed","ping_status":"closed","template":"","meta":{"footnotes":""},"class_list":["post-36","page","type-page","status-publish","hentry"],"_links":{"self":[{"href":"https:\/\/les-amadeus.fr\/index.php\/wp-json\/wp\/v2\/pages\/36","targetHints":{"allow":["GET"]}}],"collection":[{"href":"https:\/\/les-amadeus.fr\/index.php\/wp-json\/wp\/v2\/pages"}],"about":[{"href":"https:\/\/les-amadeus.fr\/index.php\/wp-json\/wp\/v2\/types\/page"}],"author":[{"embeddable":true,"href":"https:\/\/les-amadeus.fr\/index.php\/wp-json\/wp\/v2\/users\/1"}],"replies":[{"embeddable":true,"href":"https:\/\/les-amadeus.fr\/index.php\/wp-json\/wp\/v2\/comments?post=36"}],"version-history":[{"count":22,"href":"https:\/\/les-amadeus.fr\/index.php\/wp-json\/wp\/v2\/pages\/36\/revisions"}],"predecessor-version":[{"id":432,"href":"https:\/\/les-amadeus.fr\/index.php\/wp-json\/wp\/v2\/pages\/36\/revisions\/432"}],"wp:attachment":[{"href":"https:\/\/les-amadeus.fr\/index.php\/wp-json\/wp\/v2\/media?parent=36"}],"curies":[{"name":"wp","href":"https:\/\/api.w.org\/{rel}","templated":true}]}}