{"id":363,"date":"2025-12-14T21:49:46","date_gmt":"2025-12-14T20:49:46","guid":{"rendered":"https:\/\/les-amadeus.fr\/?page_id=363"},"modified":"2025-12-14T21:49:46","modified_gmt":"2025-12-14T20:49:46","slug":"audun-le-roman-2025","status":"publish","type":"page","link":"https:\/\/les-amadeus.fr\/index.php\/audun-le-roman-2025\/","title":{"rendered":"Audun le Roman 2025"},"content":{"rendered":"\n<p>Tr\u00e8s beau concert \u00e0 Audun mais malheureusement peu de public&#8230; On esp\u00e8re que l&rsquo;an prochain, l&rsquo;\u00e9glise sera davantage pleine.<\/p>\n\n\n\n<p>On remercie la famille Hormain pour la partie instrumentale : Violon, piano, percussions et saxophone. Ilze, Maija, Ieva, Krista et Fr\u00e9d\u00e9ric (l&rsquo;incontournable :-)).<\/p>\n\n\n\n<figure class=\"wp-block-image size-full\"><img loading=\"lazy\" decoding=\"async\" width=\"1024\" height=\"768\" src=\"https:\/\/les-amadeus.fr\/wp-content\/uploads\/2025\/12\/227EFD39-9AD8-41E5-8E35-05062404C1CD_1_105_c.jpeg\" alt=\"\" class=\"wp-image-364\" srcset=\"https:\/\/les-amadeus.fr\/wp-content\/uploads\/2025\/12\/227EFD39-9AD8-41E5-8E35-05062404C1CD_1_105_c.jpeg 1024w, https:\/\/les-amadeus.fr\/wp-content\/uploads\/2025\/12\/227EFD39-9AD8-41E5-8E35-05062404C1CD_1_105_c-300x225.jpeg 300w, https:\/\/les-amadeus.fr\/wp-content\/uploads\/2025\/12\/227EFD39-9AD8-41E5-8E35-05062404C1CD_1_105_c-768x576.jpeg 768w, https:\/\/les-amadeus.fr\/wp-content\/uploads\/2025\/12\/227EFD39-9AD8-41E5-8E35-05062404C1CD_1_105_c-80x60.jpeg 80w\" sizes=\"auto, (max-width: 1024px) 100vw, 1024px\" \/><\/figure>\n\n\n\n<figure class=\"wp-block-video\"><video height=\"478\" style=\"aspect-ratio: 848 \/ 478;\" width=\"848\" controls src=\"https:\/\/les-amadeus.fr\/wp-content\/uploads\/2025\/12\/WhatsApp-Video-2025-12-14-at-00.44.33.mp4\"><\/video><\/figure>\n","protected":false},"excerpt":{"rendered":"<p>Tr\u00e8s beau concert \u00e0 Audun mais malheureusement peu de public&#8230; On esp\u00e8re que l&rsquo;an prochain, l&rsquo;\u00e9glise sera davantage pleine. On remercie la famille Hormain pour la partie instrumentale : Violon, piano, percussions et saxophone. Ilze, Maija, Ieva, Krista et Fr\u00e9d\u00e9ric (l&rsquo;incontournable :-)).<\/p>\n","protected":false},"author":1,"featured_media":0,"parent":0,"menu_order":0,"comment_status":"closed","ping_status":"closed","template":"","meta":{"footnotes":""},"class_list":["post-363","page","type-page","status-publish","hentry"],"_links":{"self":[{"href":"https:\/\/les-amadeus.fr\/index.php\/wp-json\/wp\/v2\/pages\/363","targetHints":{"allow":["GET"]}}],"collection":[{"href":"https:\/\/les-amadeus.fr\/index.php\/wp-json\/wp\/v2\/pages"}],"about":[{"href":"https:\/\/les-amadeus.fr\/index.php\/wp-json\/wp\/v2\/types\/page"}],"author":[{"embeddable":true,"href":"https:\/\/les-amadeus.fr\/index.php\/wp-json\/wp\/v2\/users\/1"}],"replies":[{"embeddable":true,"href":"https:\/\/les-amadeus.fr\/index.php\/wp-json\/wp\/v2\/comments?post=363"}],"version-history":[{"count":1,"href":"https:\/\/les-amadeus.fr\/index.php\/wp-json\/wp\/v2\/pages\/363\/revisions"}],"predecessor-version":[{"id":366,"href":"https:\/\/les-amadeus.fr\/index.php\/wp-json\/wp\/v2\/pages\/363\/revisions\/366"}],"wp:attachment":[{"href":"https:\/\/les-amadeus.fr\/index.php\/wp-json\/wp\/v2\/media?parent=363"}],"curies":[{"name":"wp","href":"https:\/\/api.w.org\/{rel}","templated":true}]}}

<p>Très beau concert à Audun mais malheureusement peu de public&#8230; On espère que l&rsquo;an prochain, l&rsquo;église sera davantage pleine.</p>



<p>On remercie la famille Hormain pour la partie instrumentale : Violon, piano, percussions et saxophone. Ilze, Maija, Ieva, Krista et Frédéric (l&rsquo;incontournable :-)).</p>



<figure class="wp-block-image size-full"><img loading="lazy" decoding="async" width="1024" height="768" src="https://les-amadeus.fr/wp-content/uploads/2025/12/227EFD39-9AD8-41E5-8E35-05062404C1CD_1_105_c.jpeg" alt="" class="wp-image-364" srcset="https://les-amadeus.fr/wp-content/uploads/2025/12/227EFD39-9AD8-41E5-8E35-05062404C1CD_1_105_c.jpeg 1024w, https://les-amadeus.fr/wp-content/uploads/2025/12/227EFD39-9AD8-41E5-8E35-05062404C1CD_1_105_c-300x225.jpeg 300w, https://les-amadeus.fr/wp-content/uploads/2025/12/227EFD39-9AD8-41E5-8E35-05062404C1CD_1_105_c-768x576.jpeg 768w, https://les-amadeus.fr/wp-content/uploads/2025/12/227EFD39-9AD8-41E5-8E35-05062404C1CD_1_105_c-80x60.jpeg 80w" sizes="auto, (max-width: 1024px) 100vw, 1024px" /></figure>



<figure class="wp-block-video"><video height="478" style="aspect-ratio: 848 / 478;" width="848" controls src="https://les-amadeus.fr/wp-content/uploads/2025/12/WhatsApp-Video-2025-12-14-at-00.44.33.mp4"></video></figure>

<p>Très beau concert à Audun mais malheureusement peu de public&#8230; On espère que l&rsquo;an prochain, l&rsquo;église sera davantage pleine. On remercie la famille Hormain pour la partie instrumentale : Violon, piano, percussions et saxophone. Ilze, Maija, Ieva, Krista et Frédéric (l&rsquo;incontournable :-)).</p>
