{"id":58,"date":"2024-07-14T13:01:49","date_gmt":"2024-07-14T11:01:49","guid":{"rendered":"https:\/\/les-amadeus.fr\/?page_id=58"},"modified":"2024-07-14T13:01:49","modified_gmt":"2024-07-14T11:01:49","slug":"amneville-2023","status":"publish","type":"page","link":"https:\/\/les-amadeus.fr\/index.php\/amneville-2023\/","title":{"rendered":"Amn\u00e9ville 2023"},"content":{"rendered":"\n<p>Concert le 15 juin en l&rsquo;\u00e9glise d&rsquo;Amn\u00e9ville \u00e0 l&rsquo;occasion de la f\u00eate de la musique.<\/p>\n\n\n\n<figure class=\"wp-block-image size-large\"><img loading=\"lazy\" decoding=\"async\" width=\"768\" height=\"1024\" src=\"https:\/\/les-amadeus.fr\/wp-content\/uploads\/2024\/07\/IMG_9981-768x1024.jpeg\" alt=\"\" class=\"wp-image-59\" srcset=\"https:\/\/les-amadeus.fr\/wp-content\/uploads\/2024\/07\/IMG_9981-768x1024.jpeg 768w, https:\/\/les-amadeus.fr\/wp-content\/uploads\/2024\/07\/IMG_9981-225x300.jpeg 225w, https:\/\/les-amadeus.fr\/wp-content\/uploads\/2024\/07\/IMG_9981-1152x1536.jpeg 1152w, https:\/\/les-amadeus.fr\/wp-content\/uploads\/2024\/07\/IMG_9981-1536x2048.jpeg 1536w, https:\/\/les-amadeus.fr\/wp-content\/uploads\/2024\/07\/IMG_9981-45x60.jpeg 45w, https:\/\/les-amadeus.fr\/wp-content\/uploads\/2024\/07\/IMG_9981-scaled.jpeg 1920w\" sizes=\"auto, (max-width: 768px) 100vw, 768px\" \/><\/figure>\n","protected":false},"excerpt":{"rendered":"<p>Concert le 15 juin en l&rsquo;\u00e9glise d&rsquo;Amn\u00e9ville \u00e0 l&rsquo;occasion de la f\u00eate de la musique.<\/p>\n","protected":false},"author":1,"featured_media":0,"parent":0,"menu_order":0,"comment_status":"closed","ping_status":"closed","template":"","meta":{"footnotes":""},"class_list":["post-58","page","type-page","status-publish","hentry"],"_links":{"self":[{"href":"https:\/\/les-amadeus.fr\/index.php\/wp-json\/wp\/v2\/pages\/58","targetHints":{"allow":["GET"]}}],"collection":[{"href":"https:\/\/les-amadeus.fr\/index.php\/wp-json\/wp\/v2\/pages"}],"about":[{"href":"https:\/\/les-amadeus.fr\/index.php\/wp-json\/wp\/v2\/types\/page"}],"author":[{"embeddable":true,"href":"https:\/\/les-amadeus.fr\/index.php\/wp-json\/wp\/v2\/users\/1"}],"replies":[{"embeddable":true,"href":"https:\/\/les-amadeus.fr\/index.php\/wp-json\/wp\/v2\/comments?post=58"}],"version-history":[{"count":1,"href":"https:\/\/les-amadeus.fr\/index.php\/wp-json\/wp\/v2\/pages\/58\/revisions"}],"predecessor-version":[{"id":60,"href":"https:\/\/les-amadeus.fr\/index.php\/wp-json\/wp\/v2\/pages\/58\/revisions\/60"}],"wp:attachment":[{"href":"https:\/\/les-amadeus.fr\/index.php\/wp-json\/wp\/v2\/media?parent=58"}],"curies":[{"name":"wp","href":"https:\/\/api.w.org\/{rel}","templated":true}]}}

Amnéville 2023

<p>Concert le 15 juin en l&rsquo;église d&rsquo;Amnéville à l&rsquo;occasion de la fête de la musique.</p>



<figure class="wp-block-image size-large"><img loading="lazy" decoding="async" width="768" height="1024" src="https://les-amadeus.fr/wp-content/uploads/2024/07/IMG_9981-768x1024.jpeg" alt="" class="wp-image-59" srcset="https://les-amadeus.fr/wp-content/uploads/2024/07/IMG_9981-768x1024.jpeg 768w, https://les-amadeus.fr/wp-content/uploads/2024/07/IMG_9981-225x300.jpeg 225w, https://les-amadeus.fr/wp-content/uploads/2024/07/IMG_9981-1152x1536.jpeg 1152w, https://les-amadeus.fr/wp-content/uploads/2024/07/IMG_9981-1536x2048.jpeg 1536w, https://les-amadeus.fr/wp-content/uploads/2024/07/IMG_9981-45x60.jpeg 45w, https://les-amadeus.fr/wp-content/uploads/2024/07/IMG_9981-scaled.jpeg 1920w" sizes="auto, (max-width: 768px) 100vw, 768px" /></figure>

<p>Concert le 15 juin en l&rsquo;église d&rsquo;Amnéville à l&rsquo;occasion de la fête de la musique.</p>
