{"id":80,"date":"2024-07-18T12:34:09","date_gmt":"2024-07-18T10:34:09","guid":{"rendered":"https:\/\/les-amadeus.fr\/?page_id=80"},"modified":"2025-11-25T14:34:48","modified_gmt":"2025-11-25T13:34:48","slug":"mot-du-president","status":"publish","type":"page","link":"https:\/\/les-amadeus.fr\/index.php\/mot-du-president\/","title":{"rendered":"Mot du Pr\u00e9sident"},"content":{"rendered":"\n<p>Bonjour \u00e0 tous,<br><br>Notre histoire commence un jour de septembre 2019 !<br><br>Alors que je venais de quitter une chorale, j&rsquo;\u00e9tais fort d\u00e9pit\u00e9. J&rsquo;en parlais autour de mon petit monde<br>quand une personne me dit : Pourquoi ne fais-tu pas ta propre chorale ? <\/p>\n\n\n\n<p>L&rsquo;id\u00e9e germ\u00e2t en moi ! <br><br>La semaine suivante je pris rendez-vous en Mairie et je fis imprimer des flyers que nous distribu\u00e2mes \u00e0<br>la h\u00e2te ! <br>Une semaine plus tard, f\u00e9brile dans la salle de la Mairie, quelle ne fut pas ma surprise quand<br>dix personnes se pr\u00e9sent\u00e8rent \u00e0 ma grande joie ! <br>Ma chorale \u00e9tait n\u00e9e mais ce n&rsquo;\u00e9tait pas sans compter sur dame nature car une b\u00eate immonde nous attendait tapis dans l&rsquo;ombre : Cette maudite \u00e9pid\u00e9mie de COVID qui mis un coup de frein \u00e0 la chorale ! D\u00e9pit\u00e9, je rebondis et les occup\u00e8rent en menant des \u00e9lections sur diff\u00e9rentes questions comme le nom de la chorale, les tenues, les chants &#8230;<br><br>Enfin, le destin nous sourit avec une cheffe de choeur ! <br>Nous f\u00eemes notre premier concert \u00e0 Hayange dans une salle avec deux autres chorales. J&rsquo;\u00e9tais fier comme un Paon ! J&rsquo;avais r\u00e9ussi mon pari ! <br>Mais comme la vie n&rsquo;est pas un long fleuve tranquille, la b\u00eate immonde est revenu (la covid). Apr\u00e8s<br>moult p\u00e9rip\u00e9ties, notre chorale se divisa en deux, le moral dans les chaussettes et au bord du chaos.<br><br>Nous e\u00fbmes un deuxi\u00e8me chef de choeur qui ne fut qu&rsquo;un simple pis aller le temp d&rsquo;un concert de<br>No\u00ebl. <br><br>Ainsi, nous nous m\u00eemes \u00e0 nouveau \u00e0 chercher et : Ta- ta -tin ! Nous trouv\u00e2mes enfin Philippe notre<br>chef actuel, sympa et \u00e0 l&rsquo;\u00e9coute de ses choristes ! <br><br>Comp\u00e9tent, il est devenu au fil de nos r\u00e9p\u00e9titions un ami avec des id\u00e9es nouvelles et des chansons nouvelles d&rsquo;un nouveau style !<br><br>Alors pour tous ceux qui voudraient nous rejoindre, poussez la porte, venez chanter car cela fait<br>tellement de bien et dans une ambiance super ! <br>Venez Faire de beaux concerts avec nous ! <br>Vive le chant chorale ! <br>Vive les Amadeus !<br>Venez avec nous \u00e9crire une nouvelle page de notre groupe vocal AVEC VOUS !<\/p>\n\n\n\n<p><br><span style=\"text-decoration: underline;\">Le Pr\u00e9sident<\/span> : NICOLA\u00cf Didier<\/p>\n","protected":false},"excerpt":{"rendered":"<p>Bonjour \u00e0 tous, Notre histoire commence un jour de septembre 2019 ! Alors que je venais de quitter une chorale, j&rsquo;\u00e9tais fort d\u00e9pit\u00e9. J&rsquo;en parlais autour de mon petit mondequand une personne me dit : Pourquoi ne fais-tu pas ta propre chorale ? L&rsquo;id\u00e9e germ\u00e2t &hellip; <\/p>\n","protected":false},"author":1,"featured_media":0,"parent":0,"menu_order":0,"comment_status":"closed","ping_status":"closed","template":"","meta":{"footnotes":""},"class_list":["post-80","page","type-page","status-publish","hentry"],"_links":{"self":[{"href":"https:\/\/les-amadeus.fr\/index.php\/wp-json\/wp\/v2\/pages\/80","targetHints":{"allow":["GET"]}}],"collection":[{"href":"https:\/\/les-amadeus.fr\/index.php\/wp-json\/wp\/v2\/pages"}],"about":[{"href":"https:\/\/les-amadeus.fr\/index.php\/wp-json\/wp\/v2\/types\/page"}],"author":[{"embeddable":true,"href":"https:\/\/les-amadeus.fr\/index.php\/wp-json\/wp\/v2\/users\/1"}],"replies":[{"embeddable":true,"href":"https:\/\/les-amadeus.fr\/index.php\/wp-json\/wp\/v2\/comments?post=80"}],"version-history":[{"count":2,"href":"https:\/\/les-amadeus.fr\/index.php\/wp-json\/wp\/v2\/pages\/80\/revisions"}],"predecessor-version":[{"id":361,"href":"https:\/\/les-amadeus.fr\/index.php\/wp-json\/wp\/v2\/pages\/80\/revisions\/361"}],"wp:attachment":[{"href":"https:\/\/les-amadeus.fr\/index.php\/wp-json\/wp\/v2\/media?parent=80"}],"curies":[{"name":"wp","href":"https:\/\/api.w.org\/{rel}","templated":true}]}}

Mot du Président

<p>Bonjour à tous,<br><br>Notre histoire commence un jour de septembre 2019 !<br><br>Alors que je venais de quitter une chorale, j&rsquo;étais fort dépité. J&rsquo;en parlais autour de mon petit monde<br>quand une personne me dit : Pourquoi ne fais-tu pas ta propre chorale ? </p>



<p>L&rsquo;idée germât en moi ! <br><br>La semaine suivante je pris rendez-vous en Mairie et je fis imprimer des flyers que nous distribuâmes à<br>la hâte ! <br>Une semaine plus tard, fébrile dans la salle de la Mairie, quelle ne fut pas ma surprise quand<br>dix personnes se présentèrent à ma grande joie ! <br>Ma chorale était née mais ce n&rsquo;était pas sans compter sur dame nature car une bête immonde nous attendait tapis dans l&rsquo;ombre : Cette maudite épidémie de COVID qui mis un coup de frein à la chorale ! Dépité, je rebondis et les occupèrent en menant des élections sur différentes questions comme le nom de la chorale, les tenues, les chants &#8230;<br><br>Enfin, le destin nous sourit avec une cheffe de choeur ! <br>Nous fîmes notre premier concert à Hayange dans une salle avec deux autres chorales. J&rsquo;étais fier comme un Paon ! J&rsquo;avais réussi mon pari ! <br>Mais comme la vie n&rsquo;est pas un long fleuve tranquille, la bête immonde est revenu (la covid). Après<br>moult péripéties, notre chorale se divisa en deux, le moral dans les chaussettes et au bord du chaos.<br><br>Nous eûmes un deuxième chef de choeur qui ne fut qu&rsquo;un simple pis aller le temp d&rsquo;un concert de<br>Noël. <br><br>Ainsi, nous nous mîmes à nouveau à chercher et : Ta- ta -tin ! Nous trouvâmes enfin Philippe notre<br>chef actuel, sympa et à l&rsquo;écoute de ses choristes ! <br><br>Compétent, il est devenu au fil de nos répétitions un ami avec des idées nouvelles et des chansons nouvelles d&rsquo;un nouveau style !<br><br>Alors pour tous ceux qui voudraient nous rejoindre, poussez la porte, venez chanter car cela fait<br>tellement de bien et dans une ambiance super ! <br>Venez Faire de beaux concerts avec nous ! <br>Vive le chant chorale ! <br>Vive les Amadeus !<br>Venez avec nous écrire une nouvelle page de notre groupe vocal AVEC VOUS !</p>



<p><br><span style="text-decoration: underline;">Le Président</span> : NICOLAÏ Didier</p>

<p>Bonjour à tous, Notre histoire commence un jour de septembre 2019 ! Alors que je venais de quitter une chorale, j&rsquo;étais fort dépité. J&rsquo;en parlais autour de mon petit mondequand une personne me dit : Pourquoi ne fais-tu pas ta propre chorale ? L&rsquo;idée germât &hellip; </p>
